11, what is 3492 - 1?
3491
In base 2, what is 10 - 1000100111111000?
-1000100111110110
In base 16, what is 215 + be?
2d3
In base 9, what is -8 + -350538?
-350547
In base 4, what is 1002 + 11303100?
11310102
In base 3, what is 1002120011202 - -112?
1002120012021
In base 16, what is 5548 - -11e?
5666
In base 11, what is 54 - 10?
44
In base 14, what is -983 - -6?
-97b
In base 7, what is 15 - 33065?
-33050
In base 13, what is ac - -313b?
321a
In base 15, what is 4 - -1484b?
14850
In base 16, what is 2189aa - -4?
2189ae
In base 8, what is 0 + 752?
752
In base 9, what is -24 + -18806?
-18831
In base 5, what is -11313331 - 4?
-11313340
In base 11, what is -10aa2 - 2?
-10aa4
In base 5, what is -10 - 2104301?
-2104311
In base 16, what is 0 - 4f9d?
-4f9d
In base 2, what is -100011 + -110011010001?
-110011110100
In base 11, what is -913 + -1a?
-932
In base 13, what is 1c - 37333?
-37314
In base 6, what is -43 + -122403?
-122450
In base 13, what is -23 - 9b4?
-a07
In base 15, what is 23c2 - 8?
23b9
In base 11, what is -5 - -122824?
12281a
In base 14, what is 1 - -24018?
24019
In base 12, what is -22 + 414a2?
41480
In base 2, what is 10110111001000 - 1001000?
10110110000000
In base 4, what is -10 - 22113210?
-22113220
In base 10, what is -2616 + 5?
-2611
In base 13, what is -9 + 7bc0?
7bb4
In base 10, what is -103 - 1933?
-2036
In base 5, what is 131001403 - -3?
131001411
In base 15, what is 2be - 641?
-372
In base 7, what is 41200540 + 3?
41200543
In base 8, what is -11201 - 34?
-11235
In base 4, what is -330112311 + -3?
-330112320
In base 16, what is 4 - 24dae?
-24daa
In base 7, what is 55 - -145665?
146053
In base 15, what is -b - -1137b?
11370
In base 6, what is 530 + -421?
105
In base 4, what is 131011 - 110?
130301
In base 10, what is 1 - 1172?
-1171
In base 13, what is 2 - -11aca?
11acc
In base 12, what is -39 - 407a?
-40b7
In base 8, what is -363457 - -21?
-363436
In base 13, what is -7 - 6c8?
-702
In base 13, what is -276 + 7c7?
551
In base 2, what is -11100000 - -1000010010010?
111110110010
In base 14, what is 1 - 15c?
-15b
In base 6, what is 11 - -1233032?
1233043
In base 5, what is -10 - 134113?
-134123
In base 13, what is -614632 + -1?
-614633
In base 14, what is 1c1 + 1dd?
3c0
In base 4, what is 110232 + 100233?
211131
In base 12, what is -14 - -4566a?
45656
In base 2, what is 10 + -1001010000011111?
-1001010000011101
In base 6, what is -5 - -25450?
25441
In base 4, what is 221 - -22103031?
22103312
In base 2, what is -10100100100010100000 - -1?
-10100100100010011111
In base 9, what is -1070 + 447?
-522
In base 13, what is 175c4 - 3?
175c1
In base 9, what is 5228 - -50?
5278
In base 15, what is -6b - 1228?
-1294
In base 11, what is -2809 + 1a?
-279a
In base 7, what is -1 - 31024?
-31025
In base 15, what is -20 - -59a6?
5986
In base 16, what is 4 - 7d9?
-7d5
In base 2, what is -100110 - -100000?
-110
In base 8, what is -10644 - 37?
-10703
In base 16, what is 35ebd - 1?
35ebc
In base 2, what is 10010111 - -10001000010?
10011011001
In base 6, what is 44 - -142540?
143024
In base 9, what is 0 - -6802?
6802
In base 3, what is 10102 + 20002022?
20012201
In base 4, what is 112 - -123211?
123323
In base 3, what is -10012212100 - 102?
-10012212202
In base 9, what is -5 + -1523133?
-1523138
In base 10, what is 2574 + -27?
2547
In base 3, what is -100012 + -12?
-100101
In base 5, what is 32 + 3412?
3444
In base 2, what is 100000000110101100 - -100?
100000000110110000
In base 4, what is 3 + -103313123?
-103313120
In base 3, what is -101 - 121110201?
-121111002
In base 14, what is -770a - 2b?
-7737
In base 12, what is 126 + -59?
89
In base 12, what is -8 + -191b5?
-19201
In base 14, what is -cd80 + -5?
-cd85
In base 10, what is 1821 - -3996?
5817
In base 3, what is -202 + 2120001000?
2120000021
In base 10, what is 3158 + 89?
3247
In base 12, what is -35 + 654?
61b
In base 15, what is -ad87 - -2?
-ad85
In base 9, what is 41038 + 11?
41050
In base 14, what is b98bd + -3?
b98ba
In base 2, what is -100 + 1100001010001?
1100001001101
In base 4, what is 310200 - 122?
310012
In base 16, what is 45906 - -3?
45909
In base 12, what is -4 + 3aab4?
3aab0
In base 14, what is 25 - -42d8?
431d
In base 11, what is 649 + 189?
827
In base 9, what is 1 + -2744?
-2743
In base 13, what is -38581 + -4?
-38585
In base 13, what is 5 - 255ca?
-255c5
In base 6, what is -442 + -223?
-1105
In base 13, what is -157c - -197?
-13b5
In base 16, what is -72 - 1b?
-8d
In base 2, what is -101010010100 - -1000100?
-101001010000
In base 3, what is 1010211212101 - -10?
1010211212111
In base 9, what is -2 + -11602?
-11604
In base 4, what is 1 - 332031301?
-332031300
In base 14, what is -5 - -2a13?
2a0c
In base 13, what is -2 - 37c16?
-37c18
In base 10, what is 185 - 22?
163
In base 4, what is 10321 + 11213?
22200
In base 15, what is 113aa + -5?
113a5
In base 12, what is -5 - -90990?
90987
In base 12, what is 43b904 + -3?
43b901
In base 4, what is -1001 - 1003132?
-1010133
In base 7, what is 13122640 + -4?
13122633
In base 13, what is -a - 1a48?
-1a55
In base 7, what is 105 - -221?
326
In base 12, what is -7431a - 3?
-74321
In base 12, what is 18018 + -3?
18015
In base 6, what is -3 + 5255?
5252
In base 12, what is 57b82 + 5?
57b87
In base 6, what is -313203 + -4?
-313211
In base 10, what is 13 - 38368?
-38355
In base 9, what is 128 + 2163?
2302
In base 7, what is -3 - -324614?
324611
In base 6, what is -34054 - -13?
-34041
In base 4, what is 23 + -1113101?
-1113012
In base 3, what is 12120012 - -12?
12120101
In base 5, what is 1 + 113310?
113311
In base 8, what is -343744 - -3?
-343741
In base 7, what is -53 + 16464?
16411
In base 5, what is 12241221 - 0?
12241221
In base 2, what is -110000 + -100110010110101?
-100110011100101
In base 13, what is -2 + 37c6?
37c4
In base 7, what is 2132 + -246?
1553
In base 4, what is -13 - -3120311?
3120232
In base 10, what is 0 - 304338?
-304338
In base 14, what is 0 - -461a?
461a
In base 4, what is 11 + -11200310?
-11200233
In base 3, what is 10 - 221202101002?
-221202100222
In base 11, what is 5 - 6517?
-6512
In base 15, what is -818 - a?
-823
In base 12, what is -17723 + -27?
-1774a
In base 16, what is 36339 - 1?
36338
In base 9, what is -63 + -732?
-805
In base 5, what is 23234 - -113?
23402
In base 16, what is 5 + -99d9?
-99d4
In base 13, what is 133b - 0?
133b
In base 8, what is -22 + 103462?
103440
In base 3, what is 2 + 120212?
120221
In base 6, what is -1115325 - -11?
-1115314
In base 2, what is 1000010110111110 - -10000?
1000010111001110
In base 9, what is 3 - 1248246?
-1248243
In base 10, what is -5 - -56097?
56092
In base 15, what is 301b - 1?
301a
In base 3, what is -11002222202 - 0?
-11002222202
In base 2, what is 1100110011001 - 11?
1100110010110
In base 11, what is -8 - -aa73?
aa66
In base 14, what is 86 - -19b9?
1a61
In base 14, what is a3a - -10?
a4a
In base 16, what is 2209 - -1b?
2224
In base 14, what is -4d - -302?
293
In base 7, what is 564 - -250?
1144
In base 7, what is 444 + 20220?
20664
In base 9, what is 335 - -104?
440
In base 15, what is 154e74 + 0?
154e74
In base 10, what is -1 - -5307?
5306
In base 15, what is -7b7 - 18?
-7d0
In base 13, what is -131 + 879?
748
In base 11, what is 2 + -97571?
-9756a
In base 16, what is -906 + 18?
-8ee
In base 11, what is 5 + -219324?
-21931a
In base 11, what is 10931 + -7?
10925
In base 3, what is -2212121 + 1222000?
-220121
In base 12, what is b7 - -15?
110
In base 11, what is -4 - -a533?
a52a
In base 16, what is a2c7 - 19?
a2ae
In base 13, what is 5 + 310460?
310465
In base 5, what is 302 + -1313?
-1011
In base 10, what is 0 + -8969?
-8969
In base 4, what is 200020 + 3103?
203123
In base 16, what is b3b - 63?
ad8
In base 12, what is -18 - -780?
764
In base 8, what is 30155 - -12?
30167
In base 6, what is 1 + -505023?
-505022
In base 8, what is -322 + 14127?
13605
In base 8, what is 43527 + 5?
43534
In base 5, what is -12403014 - -12?
-12403002
In base 15, what is 16b + c6?
242
In base 3, what is -121 - -2121120102?
2121112211
In base 10, what is -17 - -165?
148
In base 14, what is a - 1690?
-1684
In base 15, what is 7 - 2b?
-24
In base 14, what is -3 + -71a7?
-71aa
In base 9, what is -5 + -106106?
-106112
In base 16, what is 5ab60 + -2?
5ab5e
In base 9, what is 47863 - -7?
47871
In base 8